, what is 4307 - 5?
4302
In base 16, what is 84 + 3?
87
In base 5, what is 1004 + -34?
420
In base 9, what is -220 - -2?
-217
In base 16, what is 4 + 17c?
180
In base 9, what is -4 + 5388?
5384
In base 6, what is -34305 - -5?
-34300
In base 16, what is 33 - -57?
8a
In base 9, what is 0 + 280?
280
In base 8, what is 3 + -54?
-51
In base 7, what is 506 - -2?
511
In base 9, what is -2234 - -3?
-2231
In base 4, what is -100 - 101?
-201
In base 8, what is 1 - -6033?
6034
In base 12, what is -b8 + -2?
-ba
In base 4, what is 213 + -2221?
-2002
In base 11, what is -4 - 2?
-6
In base 4, what is -2 - 321?
-323
In base 11, what is -2 + 108?
106
In base 16, what is 5 + 361?
366
In base 10, what is -56 - -12?
-44
In base 9, what is 0 - 37?
-37
In base 4, what is 2 + 20013?
20021
In base 12, what is -10 + 877?
867
In base 11, what is -4 - -60?
57
In base 3, what is 0 - -11122000?
11122000
In base 13, what is -3 + 845?
842
In base 4, what is -20 + -100012?
-100032
In base 2, what is 1100 + -100001000?
-11111100
In base 11, what is a + -12?
-3
In base 14, what is -30 - -4a?
1a
In base 7, what is 31 - 11?
20
In base 8, what is -6622 - 10?
-6632
In base 4, what is 212 - 10332?
-10120
In base 16, what is 76 + 11?
87
In base 8, what is -3 + 2?
-1
In base 2, what is -1001111101011 - -1?
-1001111101010
In base 13, what is 2 + 33?
35
In base 14, what is b - -25?
32
In base 6, what is -4 + 4135?
4131
In base 10, what is 6 - -1809?
1815
In base 12, what is 58 - -4?
60
In base 4, what is -113 - -23?
-30
In base 13, what is -2 + 1a?
18
In base 14, what is 3 - 114?
-111
In base 3, what is 12 - -22011?
22100
In base 6, what is 3 - 1202?
-1155
In base 4, what is -3223 - -111?
-3112
In base 3, what is 22 - 1211122?
-1211100
In base 9, what is 25 - 36?
-11
In base 3, what is -212022 + 10?
-212012
In base 10, what is 251 - 3?
248
In base 3, what is -2 + 1012001?
1011222
In base 16, what is -3 - -3f?
3c
In base 3, what is 2110 - 11111?
-2001
In base 13, what is 0 + -b8?
-b8
In base 9, what is -567 - 21?
-588
In base 8, what is -6 - 107?
-115
In base 11, what is -71 + -189?
-24a
In base 4, what is -100 + -12310?
-13010
In base 14, what is 1b28 + -1?
1b27
In base 13, what is -10 + -15b?
-16b
In base 8, what is 4144 - 6?
4136
In base 4, what is -3201 + 12?
-3123
In base 9, what is -3 - 875?
-878
In base 14, what is -a2 + -2?
-a4
In base 5, what is 220 + 12?
232
In base 16, what is 5b3 + -3?
5b0
In base 5, what is -303 + 124?
-124
In base 5, what is 30 + -10244?
-10214
In base 14, what is 41 + -45?
-4
In base 5, what is 3243 - -3?
3301
In base 11, what is 2 + 316?
318
In base 15, what is -40c4 - 5?
-40c9
In base 3, what is -12001121 + 22?
-12001022
In base 12, what is 2b0 - a?
2a2
In base 3, what is -112 + -1100?
-1212
In base 8, what is 51 - 530?
-457
In base 13, what is -16 - 7?
-20
In base 14, what is -1 - -27?
26
In base 5, what is 2104 + 1?
2110
In base 3, what is -1011 + 12?
-222
In base 14, what is 0 + -351?
-351
In base 15, what is 14 + -10?
4
In base 5, what is 0 + 302?
302
In base 10, what is 33 + 642?
675
In base 14, what is -52 + 1b?
-35
In base 6, what is -143 + 5?
-134
In base 5, what is 12 - 100210?
-100143
In base 12, what is b - -5a?
69
In base 15, what is c + 11?
1d
In base 4, what is -3 - -1020210?
1020201
In base 10, what is 11 - -8?
19
In base 4, what is -1 + -103201?
-103202
In base 6, what is -20451 + 3?
-20444
In base 11, what is 1 + -93?
-92
In base 7, what is -4600 + -1?
-4601
In base 9, what is 48 - 104?
-45
In base 8, what is -24 - 30?
-54
In base 13, what is 19 - -64?
80
In base 3, what is -10102 + -1001?
-11110
In base 16, what is -32 - -191?
15f
In base 7, what is 0 - 242?
-242
In base 15, what is 4 - -a9?
ad
In base 3, what is -1 + 1022?
1021
In base 3, what is 10 - 212101?
-212021
In base 4, what is 1 - 331?
-330
In base 15, what is -2c + a?
-22
In base 2, what is -1100000000 + 1101?
-1011110011
In base 10, what is 5 + 1772?
1777
In base 4, what is 13 - -30311?
30330
In base 4, what is 1100 - -3?
1103
In base 3, what is -22022 + 1?
-22021
In base 3, what is 0 + -11121?
-11121
In base 14, what is -1a - 1a0?
-1ba
In base 8, what is -1045 - 2?
-1047
In base 3, what is 201 + 111200?
112101
In base 15, what is 4 + -27?
-23
In base 13, what is -272 + -a?
-27c
In base 12, what is 1883 + -7?
1878
In base 2, what is -101 - -10011?
1110
In base 3, what is -21 - -2022?
2001
In base 8, what is -776 - 3?
-1001
In base 15, what is 8 - 13?
-a
In base 7, what is 12110 - -3?
12113
In base 16, what is 2 - -fe?
100
In base 13, what is 3 + -206?
-203
In base 16, what is -dda - 3?
-ddd
In base 15, what is -2 - 2c?
-2e
In base 13, what is -16c - 1a?
-189
In base 14, what is -116 - 2?
-118
In base 2, what is -1 - -1010000110111?
1010000110110
In base 15, what is 22 - 0?
22
In base 8, what is 5 + -4473?
-4466
In base 2, what is -11000 + -111?
-11111
In base 12, what is 459a + -3?
4597
In base 11, what is -19 - 27?
-45
In base 10, what is -122 - -2?
-120
In base 5, what is 10230 + -1?
10224
In base 8, what is 2557 - 2?
2555
In base 12, what is 9 + -13?
-6
In base 11, what is 4249 - -1?
424a
In base 13, what is 8 - 13?
-8
In base 12, what is 21 + 5?
26
In base 2, what is -10 + -111?
-1001
In base 5, what is -4 + -332?
-341
In base 5, what is -11 + -1120?
-1131
In base 14, what is 2 + -7b7?
-7b5
In base 13, what is 3 - -42?
45
In base 3, what is 0 - -11200?
11200
In base 3, what is 0 + -201?
-201
In base 12, what is 191 + 4?
195
In base 16, what is 17 - -30?
47
In base 12, what is 20 - 4?
18
In base 12, what is 4 + -77?
-73
In base 10, what is 0 + -1?
-1
In base 12, what is -6 - -8b?
85
In base 8, what is 25622 + 2?
25624
In base 16, what is -3c - -4?
-38
In base 14, what is 6 - 18?
-12
In base 12, what is -3 - -58a?
587
In base 8, what is 15 - -1315?
1332
In base 16, what is -9 + -350?
-359
In base 15, what is -195 + d?
-187
In base 13, what is b - 73?
-65
In base 8, what is 2152 - -2?
2154
In base 5, what is 2414 - 2?
2412
In base 7, what is 115 + 2?
120
In base 4, what is 10 - 200?
-130
In base 5, what is 20411 - -10?
20421
In base 7, what is 5055 + 0?
5055
In base 10, what is 124 - -5?
129
In base 2, what is 10 - -1100011?
1100101
In base 5, what is -3 - -33?
30
In base 2, what is -101 + 1010100101?
1010100000
In base 10, what is -2 + 2427?
2425
In base 10, what is 0 + 1713?
1713
In base 16, what is -377 + -3?
-37a
In base 4, what is -11013 - 1?
-11020
In base 11, what is 16 - 17?
-1
In base 16, what is 16 - 2?
14
In base 6, what is 31 - 1?
30
In base 2, what is -100011110110 + -10?
-100011111000
In base 16, what is 1115 + 5?
111a
In base 15, what is -7 + 15?
d
In base 2, what is 1011100001 - 0?
1011100001
In base 7, what is 6 + 3?
12
In base 3, what is 1111210 + -1?
1111202
In base 9, what is 4 + -236?
-232
In base 12, what is -3 - -75?
72
In base 3, what is -102210 + -2?
-102212
In base 12, what is -183 - -5?
-17a
In base 4, what is -10 - 210?
-220
In base 13, what is 31 + 0?
31
In base 15, what is -3 + 2ad?
2aa
In base 8, what is 2776 - 2?
2774
In base 4, what is -3112333 + 10?
-3112323
In base 6, what is 130 - 5?
121
In base 15, what is -1a + a?
-10
In base 7, what is 126 - 1?
125
In base 16, what is -5 - -39?
34
In base 12, what is -10 - -195?
185
In base 11, what is 4831 - 4?
4828
In base 10, what is 254 + -3?
251
In base 8, what is 55 + -137?
-62
In base 12, what is 21 - 2?
1b
In base 14, what is 1a6 - 4?
1a2
In base 5, what is -204 + 1?
-203
In base 10, what is -177 - -32?
-145
In base 7, what is -251 + -2?
-253
In base 8, what is 5 - -2703?
2710
In base 14, what is b + -1?
a
In base 8, what is -44 - 6?
-52
In base 9, what is -643 + 1?
-642
In base 2, what is -101 + -1001110111?
-1001111100
In base 14, what is 3 - -292?
295
In base 7, what is 5 - -6?
14
In base 10, what is 5 - 11?
-6
In base 10, what is 19 - 910?
-891
In base 9, what is 1811 + 1?
1812
In base 4, what is 121 + -213?
-32
In base 4, what is 3311 + 1?
3312
In base 9, what is -60 - -4?
-55
In base 6, what is 1 + 435?
440
In base 6, what is 331 - 0?
331
In base 3, what is -200 + -111?
-1011
In base 9, what is 3670 - -5?
3675
In base 14, what is d964 + -1?
d963
In base 14, what is 11 + -12?
-1
In base 11, what is 172 + -1?
171
In base 12, what is 6067 + -2?
6065
In base 11, what is -76a - -4?
-766
